. What is z(10)?
-9
Let u(s) = 10*s - 3. Determine u(-4).
-43
Let s(j) = j**3 - 9*j**2 - 9*j + 4. Calculate s(9).
-77
Let m(c) = -c**2 - 23*c - 61. Give m(-9).
65
Let n(a) = -8*a**2 - a + 2. What is n(-2)?
-28
Let l(f) = -f**2 - 4*f + 1. Give l(-5).
-4
Let j(u) = -u**2 - 7*u + 8. Determine j(6).
-70
Let h(b) = b**3 - 15*b**2 - 17*b - 14. Give h(16).
-30
Let u(g) = 121*g**2 - 3*g - 4. Determine u(-1).
120
Let d(y) = 78*y - 225. Give d(3).
9
Let j(x) = -x**3 + 6*x**2 - 5*x - 3. Determine j(4).
9
Let m(i) = i**2 - 3*i + 4. What is m(-4)?
32
Let o(g) = g**3 - g**2 - 7*g + 5. Determine o(3).
2
Let n(h) = -h**2 - 18*h - 42. Determine n(-15).
3
Let d(j) = 3*j + 34. What is d(-12)?
-2
Let f(o) = -o - 5. Determine f(-5).
0
Let x(u) = -4*u**3 + u**2 - 14*u - 15. Give x(-1).
4
Let v(a) = -3*a - 52. Calculate v(0).
-52
Let b(m) = -4*m + 1. Determine b(2).
-7
Let z(f) = f**3 + 10*f**2 - 11*f - 29. Determine z(-11).
-29
Let m(b) = 113*b + 2. Give m(2).
228
Let f(o) = -o**3 + 7*o**2 + 6*o + 4. What is f(8)?
-12
Let j(d) = -2*d**3 + 44*d**2 + 47*d - 30. Calculate j(23).
-7
Let p(q) = -q**3 - 14*q**2 - 11*q + 26. Determine p(-13).
0
Let u(n) = -n + 7. Calculate u(33).
-26
Let b(u) = u**3 + 4*u**2 + 3*u + 4. What is b(-3)?
4
Let d(o) = 2*o**2 - 3*o - 10. Calculate d(7).
67
Let w(l) = l**2 + 19*l - 188. Determine w(8).
28
Let p(z) = z**3 + 10*z**2 + 6*z - 2. Determine p(-7).
103
Let m(z) = 6*z + 16. Determine m(-3).
-2
Let x(p) = 2*p - 3. What is x(8)?
13
Let m(a) = 2*a + 2. Give m(11).
24
Let z(l) = -l**3 + l - 8. What is z(0)?
-8
Let h(q) = q**2 - 13*q - 20. Calculate h(15).
10
Let d(u) = -u**2 - 4*u - 4. What is d(-4)?
-4
Let v(k) = 5*k - 28. Give v(12).
32
Let b(h) = -h + 23. What is b(12)?
11
Let z(t) = -5*t**3 + t**2 - 4*t + 4. Calculate z(2).
-40
Let a(o) = o**3 + 11*o**2 - 20*o + 27. What is a(-13)?
-51
Let b(c) = c. What is b(-10)?
-10
Let t(w) = -w**2 + 11*w - 12. Determine t(12).
-24
Let b(s) = s**2 + 3*s - 11. Calculate b(-6).
7
Let s(u) = -6*u + 224. What is s(38)?
-4
Let k(g) = 8*g + 20. Calculate k(-4).
-12
Let l(v) = v**3 + 14*v**2 + 31*v - 5. What is l(-11)?
17
Let p(m) = -2*m - 5. Give p(10).
-25
Let k(p) = p**3 - 3*p**2 + 5*p - 28. Give k(4).
8
Let v(m) = m**2 - 13*m - 16. Determine v(13).
-16
Let q(k) = -k**2 - 54*k - 294. Calculate q(-48).
-6
Let c(q) = 2*q**2 - q + 2. Calculate c(1).
3
Let g(n) = -2*n - 2. Give g(4).
-10
Let b(x) = 2*x**3 + 5*x**2 + 2*x - 3. Calculate b(-3).
-18
Let i(v) = 17*v - 99. Calculate i(6).
3
Let g(r) = -2*r**3 - 14*r**2 + 30*r + 190. What is g(-7)?
-20
Let g(h) = 6*h - 74. Calculate g(14).
10
Let r(k) = k**3 - 8*k**2 + 16*k - 6. Give r(6).
18
Let u(p) = -8*p - 69. Determine u(-8).
-5
Let x(g) = g**3 + 18*g**2 - 19*g + 8. Calculate x(-19).
8
Let o(d) = -2*d**2 - d + 3. What is o(-3)?
-12
Let z(p) = -p**3 + 12*p**2 - 9*p - 28. What is z(11)?
-6
Let r(a) = 9*a + 16. What is r(-2)?
-2
Let u(q) = -3*q**3 - q**2 + 4*q + 1. Calculate u(-2).
13
Let g(a) = -3*a**2 - 1. Give g(1).
-4
Let n(u) = u**3 - 2*u**2 - 9. Determine n(5).
66
Let u(z) = z**2 + 11*z + 10. Determine u(-10).
0
Let y(j) = 2*j**2 + 32*j + 5. Calculate y(-9).
-121
Let y(g) = g**2 + 32*g + 63. Give y(-29).
-24
Let n(w) = 8*w**2 - 7*w - 3. Calculate n(4).
97
Let n(u) = u**3 + 2*u**2 - 2*u - 2. Determine n(-3).
-5
Let i(m) = -m**2 - 30*m - 56. Give i(-27).
25
Let n(a) = a**2 + 19*a - 2. What is n(-20)?
18
Let n(h) = -3*h**3 + h**2 + 34*h + 34. What is n(-1)?
4
Let j(d) = 2*d - 5. Give j(-4).
-13
Let w(a) = a**2 - a + 21. What is w(4)?
33
Let c(r) = -r**3 + 4*r**2 + 7*r - 10. Give c(5).
0
Let k(z) = 25*z + 33. Determine k(-7).
-142
Let o(i) = 5*i - 10. What is o(5)?
15
Let t(n) = 3*n + 33. Determine t(-10).
3
Let l(i) = -i**2 + 22*i + 131. Determine l(25).
56
Let q(b) = -b**2 + 2*b - 2. Give q(-5).
-37
Let p(j) = -3*j**3 + j**2 - j. Determine p(1).
-3
Let m(x) = x**3 + 8*x**2 - 4*x - 8. What is m(-9)?
-53
Let d(r) = -3*r - 22. Give d(-11).
11
Let w(v) = -v**2 + 18*v - 60. What is w(5)?
5
Let y(j) = 16*j + 1. What is y(-1)?
-15
Let l(b) = -5*b**3 + 2*b - 4. Give l(2).
-40
Let x(q) = -q**3 + 4*q**2 + 5*q - 1. Calculate x(5).
-1
Let v(q) = -q**3 - 8*q**2 - 8*q - 9. Determine v(-7).
-2
Let a(r) = 17*r + 312. Calculate a(-18).
6
Let p(d) = -d**3 - 6*d**2 - 3*d - 4. Calculate p(-6).
14
Let x(p) = -p**3 + p - 41. Calculate x(0).
-41
Let g(n) = 8*n - 8. What is g(3)?
16
Let q(u) = -u**3 + 14*u**2 + 18*u - 59. What is q(15)?
-14
Let f(i) = -2*i**3 - 8*i**2 + 11*i + 53. Calculate f(-4).
9
Let g(o) = -o**3 - 20*o**2 + 47*o + 19. Determine g(-22).
-47
Let z(r) = r**2 - 11*r + 16. What is z(8)?
-8
Let a(l) = l - 5. Determine a(12).
7
Let l(p) = -2*p**3 - 10*p**2 - 7*p - 1. What is l(-5)?
34
Let f(x) = -4*x + 6. Determine f(23).
-86
Let h(l) = -l**3 + 8*l**2 + l + 15. What is h(8)?
23
Let s(k) = 2*k**3 - 3*k**2 - 4*k - 3. Give s(-2).
-23
Let h(v) = 10*v + 216. What is h(-22)?
-4
Let o(h) = -4*h**2 - 124*h - 7. What is o(-31)?
-7
Let g(i) = 6*i**2 + 5*i + 17. Give g(-3).
56
Let i(y) = -y + 36. Determine i(22).
14
Let v(z) = -z**3 + 18*z**2 - 78*z + 9. Give v(11).
-2
Let b(j) = -9*j + 13. Determine b(2).
-5
Let c(q) = -14*q + 3. Give c(1).
-11
Let c(w) = -w**2 - w + 6. What is c(4)?
-14
Let g(l) = 91*l**3 - l**2 + l. What is g(1)?
91
Let b(y) = 5*y + 43. Give b(-9).
-2
Let x(f) = 2*f**3 - 11*f**2 + f - 9. Determine x(5).
-29
Let n(p) = 5*p + 35. What is n(-7)?
0
Let o(w) = -5*w**2 - 28*w + 3. Determine o(-6).
-9
Let o(s) = -s**2 + 6*s + 4. What is o(6)?
4
Let l(c) = -2*c - 21. Determine l(-5).
-11
Let a(g) = -2*g**3 + 4*g**2 - 4. Determine a(3).
-22
Let q(z) = z**3 + z**2 + 8*z + 36. Determine q(0).
36
Let x(v) = 4*v + 56. Determine x(-14).
0
Let f(i) = i**2 + 8*i + 9. Determine f(-5).
-6
Let r(l) = -2*l**2 - 15*l + 14. Determine r(-9).
-13
Let w(z) = -z**3 - 16*z**2 - 13*z + 28. Give w(-15).
-2
Let q(w) = 4*w + 9. Determine q(-4).
-7
Let r(k) = k**3 + 11*k**2 + 41*k + 202. Determine r(-9).
-5
Let p(g) = g**2 - 4*g + 2. What is p(5)?
7
Let n(d) = -d**2 + 8*d - 4. What is n(4)?
12
Let u(j) = -j**2 + 3*j + 4. Calculate u(5).
-6
Let g(a) = 3*a**2 + 19*a - 16. Determine g(-7).
-2
Let c(w) = w**3 - 4*w**2 + 7. What is c(3)?
-2
Let l(v) = -28*v - 8. Determine l(-1).
20
Let r(l) = -l**2 + 9*l - 20. What is r(4)?
0
Let h(u) = -11*u**3 - 3*u**2 - 2*u + 2. Determine h(-2).
82
Let f(n) = -n**3 + 2*n**2 + 12*n - 10. Give f(4).
6
Let v(g) = -g**3 + 7*g - 7. Determine v(-4).
29
Let b(u) = -u**2 - 15*u - 47. Give b(-7).
9
Let n(g) = -4*g + 4. Give n(-5).
24
Let s(d) = -10*d - 58. Calculate s(-8).
22
Let k(r) = 29*r - 326. Give k(11).
-7
Let o(m) = m. Give o(6).
6
Let s(n) = 3*n - 12. What is s(17)?
39
Let u(j) = -8*j - 5. Determine u(0).
-5
Let p(h) = h**3 + 8*h**2 - 2*h + 6. What is p(-8)?
22
Let y(p) = p**3 - 2*p**2 - 10*p - 11. What is y(-4)?
-67
Let x(u) = u**3 - 3*u**2 - 7*u - 7. Determine x(5).
8
Let f(a) = 14*a + 16. Determine f(-2).
-12
Let m(j) = 2*j**2 + 30*j + 27. Give m(-14).
-1
Let k(l) = -9*l - 4. Calculate k(3).
-31
Let d(g) = 4*g + 15. What is d(-6)?
-9
Let d(u) = -u**3 + 9*u**2 + 3*u + 11. What is d(9)?
38
Let q(n) = n**2 - 9*n + 15. Give q(7).
1
Let v(z) = z - 27. Give v(17).
-10
Let p(x) = 42*x**3 - 2*x**2 + 1. Calculate p(1).
41
Let i(b) = b**3 + 6*b**2 - 17*b - 12. Give i(-8).
-4
Let z(u) = 3*u + 25. What is z(-9)?
-2
Let w(t) = -t**3 - 18*t**2 - 10*t + 42. Calculate w(-17).
-77
Let m(f) = f**2 - 25*f - 75. Give m(28).
9
Let o(x) = 11*x**2 - 5*x + 12. Determine o(3).
96
Let b(t) = -2*t**2 + 10*t + 3. Give b(5).
3
Let z(b) = b**2 - 8*b. Give z(5).
-15
Let q(m) = 6*m**2 + 8*m + 9. Determine q(-4).
73
Let i(s) = -s**3 - s**2 + 8*s + 6. Determine i(-5).
66
Let f(c) = 2*c - 25. Give f(17).
9
Let j(o) = 2*o + 63. Determine j(-23).
17
Let c(b) = -b**3 - 10*b**2 - 2*b + 2. Give c(-10).
22
Let r(t) = t**2 + 69*t + 641. Determine r(-58).
3
Let o(k) = 3*k**2 + k. Determine o(-2).
10
Let y(f) = -f**3 + 7*f**2 - 10*f + 19. Determine y(4).
27
Let h(m) = 3*m + 10. What is h(-18)?
-44
Let p(m) = 11*m - 29. Determine p(3).
4
Let y(b) = -b**3 - 2*b**2 + b - 52. What is y(-5)?
18
Let r(q) = -q**3 - 5*q**2 - 8*q - 23. Calculate r(-4).
-7
Let a(d) = d + 7. What is a(-10)?
-3
Let g(o) = -o**2 + 29*o - 133. Calculate g(23).
5
Let v(b) = b**2 - 12*b - 44. Give v(11).
-55
Let w(v) = 2*v**3 